of n**4/3 - n**3/3 - 7*n**2. Give s(3).
22
Let m(g) = -g**2 + 8*g - 9. Let i = 37 + -31. Calculate m(i).
3
Let c(p) be the first derivative of p**2/2 + 4. Give c(3).
3
Let q(p) be the first derivative of -5/2*p**2 + 1/3*p**3 - 3 - 2*p. What is q(6)?
4
Let t(j) = -3*j + 14. Let v be t(4). Let a(l) = -2 + 4*l - l + 0*l. Give a(v).
4
Let l = -60 - -50. Let u(d) = d + 4. What is u(l)?
-6
Let i(l) = l - 1. Let z = -15 + 18. Suppose -5*d + 27 = -z. Determine i(d).
5
Let t(k) = -k**2. Let q = 39 + -37. Determine t(q).
-4
Suppose 0*a = -a - 7. Let l(q) be the first derivative of q**2/2 + 4*q + 3. Let m be l(a). Let j(o) = o**3 + 3*o**2 - 2*o - 3. Determine j(m).
3
Let r(p) be the third derivative of -p**6/360 - p**4/24 + p**3/6 + 2*p**2. Let u(j) be the first derivative of r(j). What is u(-2)?
-5
Let g(w) = w - 1. Let i = -12 - -16. Give g(i).
3
Let x(c) = 4*c - 22. Let i(t) = -3*t + 15. Let k(v) = -7*i(v) - 5*x(v). Suppose -5*u + 5 = -5*f, -f - 2*u - 2*u = -24. Suppose 19 = -f*s - 5. Calculate k(s).
-1
Let n(m) = -m**3 - 4*m**2 + 3. Suppose -c + 2 = 0, -4*y - c = -3*c + 16. Give n(y).
-6
Let c(q) = -4*q**2 + 7*q + 11*q**2 - 4*q**3 + 5*q**3. Give c(-6).
-6
Let l(j) = 10 + 7*j**3 - 6 - 3 - j - j**2. Calculate l(1).
6
Let g(h) = h + 8. Let d = 19 + -24. Calculate g(d).
3
Let u(j) be the third derivative of j**4/12 - j**3/2 + j**2. Let o be u(3). Let r(l) = -2*l**2 + 0*l**2 + l + o*l**2. What is r(-2)?
2
Let p(w) = -2*w + 5. Suppose 12*c = 6*c + 30. Calculate p(c).
-5
Let a be 2/1 - 0/1. Suppose -11 = a*k - 1. Let z(v) = -3*v - 2. Let i(l) = 5*l + 4. Let w(c) = 4*i(c) + 7*z(c). Give w(k).
7
Let c(f) = 2*f + 3. Let d be (-45)/10 - 1/(-2). Let v be c(d). Let z(l) = -2*l + 1. Determine z(v).
11
Let g(i) = -9*i**2 + 5*i + 12. Suppose 4*x + 10 = -2. Let l(v) = 4*v**2 - 3*v - 6. Let s(p) = x*g(p) - 7*l(p). Determine s(5).
11
Let k(a) = -a**2 - 6*a - 3. Let c be k(-5). Let z(g) = -g**2 + 2*g - 3. Calculate z(c).
-3
Let b(p) be the third derivative of -2/3*p**3 + 3*p**2 + 0*p + 0 - 1/24*p**4. What is b(-3)?
-1
Let u(m) = 12*m - 1. Let y be (8 + -4)/4 - (0 + 2). Calculate u(y).
-13
Suppose -26 - 4 = -5*b. Let k(o) = -10*o + 5*o + 6 + 4*o. Let t be k(b). Let p(x) = -x + 6. Give p(t).
6
Let u(o) = o**2 + 11*o - 35. Let a be u(-13). Let k(c) = c**2 + 6*c - 10. Give k(a).
17
Let c(y) = y - 2. Let z be c(-3). Let n(l) be the first derivative of l**3/3 + 2*l**2 + 6*l + 14. Determine n(z).
11
Let k(h) be the first derivative of -h**3/3 + 3*h**2/2 - 5*h - 1. Calculate k(4).
-9
Suppose -j = -0*j, 2*j = 4*v - 24. Let f(t) = -2*t + 7*t - 1 - v*t. Determine f(-2).
1
Let d(k) = -k**2 + 7*k. Let x be d(6). Let c(t) = 3*t - 13. What is c(x)?
5
Let m(t) = -2*t. Let q(c) = -c**2 - 3*c - 1. Let b be q(-2). Let u be 7*(0 + 1) + b. Let a(d) = 3*d. Let n(x) = u*m(x) + 5*a(x). What is n(-3)?
3
Let x(h) be the second derivative of -h**3/6 - 3*h**2 - 5*h. Let f = 6 - 11. What is x(f)?
-1
Let c(l) = l**3 + 5*l**2 - l - 3. Let v be c(-5). Let q(s) = 2*s - 7*s + 1 + 1 + 7*s**v. Let n(m) = -m**2 - 1. Let x(y) = -6*n(y) - q(y). Give x(5).
4
Let f(t) = 3*t - 2. Let r = 138 + -73. Suppose 5*p - 4*m = -m + r, 2*m = -3*p + 20. Let b be 12/10*p/4. What is f(b)?
7
Let p(j) = -3*j - 3. Let o(a) = -2*a - 3. Let d(h) = 4*o(h) - 3*p(h). Calculate d(-7).
-10
Let d(h) = 8*h - 14. Let r(x) = 3*x - 5. Let c(g) = 6*d(g) - 17*r(g). What is c(4)?
-11
Let l(i) = -i + 1. Suppose -5*k - g + 6*g + 15 = 0, 2*k + 2*g = 22. Give l(k).
-6
Suppose -u + 0*g = 3*g, 5*g - 5 = 0. Let z(h) = -h**2 + 2. Let l be z(0). Let x(a) = -a**3 - 2*a - a + 5*a + 2 - 2*a**l. Determine x(u).
5
Let k(h) = h**3 - 2*h. Let r = -5 - -14. Let d = -11 + r. Give k(d).
-4
Let t(m) = m - 3. Let y(a) = 2*a + 5. Let l be y(0). Give t(l).
2
Let o(r) = 3*r**2 + 0*r**2 - 4*r**2. Let h be 2/(-3) + (-65)/(-39). Suppose 0 = -5*l - 3*v + 20, 5*v + h = 26. Determine o(l).
-1
Let f(z) = 1 + 2*z - z + 8*z + 3*z. Let n(d) = 13*d + 1. Let h(b) = -3*f(b) + 2*n(b). What is h(-1)?
9
Let k(p) = -p**3 - 4*p + 10*p - 4 - 5*p**2 + 8. Give k(-6).
4
Let b(q) be the second derivative of -q**4/12 - 2*q**3/3 + 3*q**2/2 - 3*q. Calculate b(-3).
6
Let l be 13 + 1 - (12 - 10). Let c(r) = -17*r - 5*r**2 + 6*r + l*r. Determine c(1).
-4
Let d(s) be the third derivative of -s**6/120 - 7*s**5/60 - 5*s**4/24 + s**3/2 - 4*s**2. Let q(o) = 5*o + 4. Let z be q(-2). Give d(z).
-3
Let z(x) = -5*x**3 + x**2. Let s(o) = -4*o - 1. Let a = 3 + -4. Let l be s(a). Suppose 4 = 5*n - 3*g - 3, 4*n - l*g - 8 = 0. Give z(n).
6
Let o(a) be the third derivative of 0 - 1/60*a**5 - 2*a**2 - 2/3*a**3 + 0*a - 1/4*a**4. Calculate o(-5).
1
Let b = -5 - -7. Let p(g) = 3*g**b - 2 - 2*g**2 - g + g. Calculate p(0).
-2
Let o be 0 + 5/(10/8). Let b = o + -2. Let m(u) = 1 + u**2 - u**2 + 4*u - u**b. Determine m(3).
4
Let m = 18 + -11. Let l(a) = 2 - 2*a + m*a + 0*a. Calculate l(-2).
-8
Let y(s) = -s**3 - s**2 + 2*s - 1. Let h(p) = p**3 - 15*p**2 - p + 12. Let j be h(15). Calculate y(j).
11
Suppose 0 = -4*h - 53 + 9. Let t = h + 12. Let a(r) = -r**3 + r**2 - r + 1. Give a(t).
0
Let p(v) be the third derivative of -v**5/60 - v**4/8 + 2*v**3/3 - 13*v**2 + 2*v. What is p(-5)?
-6
Let n(f) be the second derivative of f**3/6 - f**2/2 - f. Suppose 27*k + 54 = -108. Determine n(k).
-7
Let z = 25 + -10. Let i be (4/(-6))/((-2)/z). Let x be 8/(-20) - (-2)/i. Let y(u) = -u**3 - u - 3. Calculate y(x).
-3
Let p(t) = t + 0*t**2 + 0*t**2 - 8 - t**2 + 0*t**2. Let m(r) be the third derivative of r**5/60 + r**4/12 + r**3/6 + 2*r**2. Let l be m(-1). Calculate p(l).
-8
Let q(u) be the first derivative of 2/3*u**3 - 1/4*u**4 - u - 5 + 0*u**2. Give q(-1).
2
Let a(l) = l**2 - 9*l - 8. Let k be a(10). Let z(i) = -i + 6 - i + i - i**2 - k. Give z(0).
4
Suppose 9 = -4*w - 3*b, 7*w = 4*w - 3*b - 9. Let s(h) = -5 + 2*h**2 - 3*h**2 - 7*h + w*h**2. Suppose 3*z = -g - 13 - 0, -2*z - 11 = 3*g. Calculate s(z).
7
Let i(o) = -o**2 + 8*o + 3. Suppose 20 = 3*a + 2. Let k be i(a). Suppose -3*g + k = -0. Let j(s) = s**2 - 6*s + 5. Determine j(g).
0
Let j = 16 + -16. Let b(r) = -r**3 + r**2 + r - 1. Give b(j).
-1
Let q(h) be the second derivative of 2*h**3/3 - 10*h. Let d(x) = 3*x. Let t(c) = -5*d(c) + 4*q(c). Calculate t(-4).
-4
Let k(x) = 4*x**2 - 5*x + 8. Let f(c) = 4*c**2 - 4*c + 7. Let u(y) = 6*f(y) - 5*k(y). What is u(-1)?
5
Let z(w) = w - 1. Suppose 3*i - 7 = 2. Let t(k) = 6 + i + 0*k - 2*k. Let c be t(6). What is z(c)?
-4
Suppose -2*u + 0*u = 2. Let g = 4 + u. Let p(o) = o**3 - 3*o**2 - o. Calculate p(g).
-3
Let p(j) = 2*j - 8. Suppose -5*m = -49 + 14. What is p(m)?
6
Let d(x) be the third derivative of x**4/24 + 11*x**2. Determine d(-1).
-1
Let j(x) = x**3 - 7*x**2 + 2*x - 8. Let q be (-3 + (-15)/(-6))*-14. What is j(q)?
6
Let n(f) = -4*f + 7. Let w(g) = 6*g - 10. Let u(s) = 7*n(s) + 5*w(s). What is u(-4)?
-9
Let h(y) be the third derivative of y**5/30 - y**4/24 - 37*y**2 + 2*y. Let g(n) = -n**2 - n + 2. Let b be g(0). Calculate h(b).
6
Let u(k) be the third derivative of -k**4/6 + k**3/2 + k**2. Let s = 61 - 58. Calculate u(s).
-9
Let g(x) = 2*x**3 + x**2 - 2*x - 1. Suppose -2*n = m - 11, 0 = 5*m + 1 + 14. Let o = 5 - n. Calculate g(o).
-9
Let m(a) = -7*a**3 + a**2. Let j be m(1). Let h(k) = -137*k + k**2 + 5 + 68*k + 76*k + 2. What is h(j)?
1
Let y(n) = n**3 + 10*n**2 - 12*n + 10. Let r be y(-11). Let t = r - 19. Let g(k) = -3*k - 2. Let q(d) = 2*d + 2. Let b(x) = 4*g(x) + 5*q(x). Determine b(t).
-2
Let p be (-1)/((10/(-5))/(-10)). Let w(q) = -5*q + 2. Calculate w(p).
27
Let t(p) = -2*p**2 + 19*p + 3. Let s(j) = -j**2 + 10*j + 2. Let v = 9 + 2. Let f = -18 + v. Let x(d) = f*s(d) + 4*t(d). Give x(5).
3
Let k(z) = -6 + 2 + 3 - 2*z. Let t be 3*(-11)/15 + 1/5. Determine k(t).
3
Let x(h) = h**2 + 2*h + 2. Suppose 40 = 2*w - 7*w. Let v = 6 + w. Give x(v).
2
Let c = 4 + -4. Suppose 3*k + l = 15, -3*k + 8*k - l - 33 = c. Let f(i) = -i + 4. Give f(k).
-2
Let n(p) = p**3 + 11*p**2 - 26*p + 3. Let w be n(-13). Let u(s) = s**2 - 2*s - 2. What is u(w)?
1
Let t(z) = z + 2. Let j be 0/(-3)*(5 - 1)/(-4). Give t(j).
2
Let x be (-20)/(-8) + (-2)/4. Let i = x + 5. Let g(z) = -z**3 + 8*z**2 - 6*z - 5. Calculate g(i).
2
Let s(z) be the third derivative of 0*z + z**2 + 0 - 1/24*z**4 - 5/6*z**3. Let n(j) = j**2 - 10*j + 21. Let h be n(6). Calculate s(h).
-